3 - -909. What are the prime factors of o?
2, 11, 13
Let q = -12 - 0. Let f be (3*1)/((-12)/q). Suppose 3*y + f = 3*u, -2*u - 5*y + 4 = -4*u. List the prime factors of u.
3
Let t(z) = -8*z - 5 - 22 - 5. What are the prime factors of t(-7)?
2, 3
Suppose -5*k = -0*k - 10. Suppose k*d + 2 = -6, 0 = 3*p - 3*d - 12. List the prime factors of (p + -2)/(6/(-51)).
17
Let j = -14 + 18. Suppose 0 = -j*z + 185 + 151. List the prime factors of z.
2, 3, 7
Suppose 4095 + 597 = 6*b. List the prime factors of b.
2, 17, 23
Let i(o) = -o**2 + 10*o + 42. Let m be i(13). Suppose -4*r = -t + 4 + 239, -661 = -m*t - 5*r. List the prime factors of t.
227
Suppose 2*q - 43 = -k + 59, 0 = 3*k - 12. Suppose 54*z - 1270 = q*z. List the prime factors of z.
2, 127
What are the prime factors of -4 - -4485 - 13/(52/(-16))?
3, 5, 13, 23
Let j be (-215)/45 - 2/9. Let h be j/10*(-8)/4. Suppose s = 4*l - 69, 2*s = 3*s + h. What are the prime factors of l?
17
Let d(t) = t**2 - 6*t + 31. Suppose -s + k = 2*k - 8, 4*s = -k + 38. List the prime factors of d(s).
71
Suppose -2*a - 2*a = 2*o - 18, 0 = -5*a + 2*o + 27. Suppose i = 5*h + 6, 0*i = -4*h + a*i - 9. List the prime factors of 3*h - (2 + -15).
2, 5
Suppose 4*h + 0*h - 1712 = 0. Suppose 5*x + h = 3*g + 1233, 3*x - 497 = -g. List the prime factors of x.
2, 41
Suppose 0 = 2*h + 2*x - 6 + 2, -5*h = 3*x - 20. Suppose 3*j - 2*p - 834 = 0, 2*j - h*p = -2*p + 567. List the prime factors of j.
2, 3, 23
Let n(b) = -428*b - 255. List the prime factors of n(-6).
3, 257
Let q = 130 + -125. Let j be (-1)/4 - (-434)/8. Suppose z = q*p - 225, 5*p - 191 - j = 5*z. What are the prime factors of p?
2, 11
Suppose 10 = -2*a - 6. List the prime factors of 1393/49 - a/14.
29
Let h(o) = -5*o**3 - 1. Let i be h(-1). Suppose -36 = -5*l + i. Suppose -m = j - 13 - l, -5*j - 5 = 0. What are the prime factors of m?
2, 11
Suppose 12*m - 3897 = 65691. What are the prime factors of m?
3, 1933
Let t = -23 + 28. Suppose 0 = -t*f - 2*u + 1282, -f + 262 = 6*u - 7*u. List the prime factors of f.
2, 3, 43
Suppose 407 + 15693 = 23*v. List the prime factors of v.
2, 5, 7
Suppose 0 = -a - 3, d - 2*a - a - 5 = 0. Let b be d/(-6) - (-294)/18. What are the prime factors of b + 0 - (-5)/(-5)?
2
Suppose 3*f - 2*f = 0, 3*d - 2*f = 12. Let s(u) = -5*u + d + u**2 + 2 - 1 - 3*u. List the prime factors of s(9).
2, 7
Suppose 7 = 5*c - 13. Suppose -5 = -9*m + c*m. Suppose m = -4*o + 205. List the prime factors of o.
3, 17
Let w(f) = f**3 + 13*f**2 - 33*f - 22. List the prime factors of w(-10).
2, 19
Let v = -23 - -59. Let y be (-77)/231 - 14/(-6). Suppose 0 = -y*b - b + v. What are the prime factors of b?
2, 3
Suppose -351*y + 338*y + 2756 = 0. List the prime factors of y.
2, 53
Let d(u) be the third derivative of u**6/60 + u**5/60 - u**4/8 + 5*u**3/2 - 6*u**2. What are the prime factors of d(4)?
3, 7
Suppose -12*g = -7*g - 20. Suppose -64 = -2*k + 5*d - 3*d, 155 = 5*k - g*d. List the prime factors of k.
3
Let c(b) = -5*b**2 - 10 + 2*b**3 + 4*b + 4 + 1 + 4. Let i be c(3). Suppose 0 = -3*h - 4*y + 85, -2*h + 78 - i = 3*y. What are the prime factors of h?
23
Let f = 169 + -100. Suppose 0 = 2*r + 3*r - 10. Suppose -r*o + f = o. What are the prime factors of o?
23
Let k = -327 - -84. Let v = -174 - k. List the prime factors of v.
3, 23
Let m(k) = 3*k - 7. Let r be m(-6). Let y = 71 + r. What are the prime factors of y?
2, 23
Let k(t) = t**2 - 6*t + 4. Let q be k(6). Suppose -a = -4*u - 39, 12 = -u + q*u. List the prime factors of a.
5, 11
Let d = 88 + -83. Suppose -3*p = p - r - 37, 2*p + d*r - 13 = 0. What are the prime factors of p?
3
Suppose -10*i = 2 + 18. List the prime factors of 2*(0 + i) + (-870)/(-5).
2, 5, 17
Let c(w) = 142*w**2 + 6*w + 6. Let z be c(-1). Suppose -2*t - z = -3*t. What are the prime factors of t?
2, 71
Suppose -z = -3*m + 11, -12 = 2*m + 4*z + 4. Suppose -2*r - m*r = -592. Suppose -116 = -3*l + 3*g - 2*g, 4*l - r = -2*g. What are the prime factors of l?
2, 19
List the prime factors of (-3 + 7/3)*(-7895 + -19).
2, 1319
Suppose 0 = 21*b - 3969 - 6006. List the prime factors of b.
5, 19
Suppose -i = -5*i + 80. Let p be 28/3*18/12. Let c = i + p. List the prime factors of c.
2, 17
Suppose 2*h - r - 73 = -h, 4*h + 3*r - 93 = 0. List the prime factors of 80/6 + (-8)/h.
13
Let w(t) = t**3 - 7*t**2 - 22*t - 12. Let i = 31 - 21. What are the prime factors of w(i)?
2, 17
Let r = 62 + -58. Let o(a) = 9*a**2 - 8. What are the prime factors of o(r)?
2, 17
Suppose 3*b = -2*r + 25, 5*r = -5*b + 16 + 34. Suppose -b*t + 222 + 98 = 0. List the prime factors of t.
2
Let a(r) = -3*r**3 + 7*r**2 + 3*r + 3. Let q = 17 + -15. Let y(s) = 13*s**3 - 28*s**2 - 13*s - 11. Let n(k) = q*y(k) + 9*a(k). List the prime factors of n(7).
2, 3
Suppose 1650 = -a + 3*w, a - w + 1642 = -2*w. Let k be 2/(-6) + a/(-18). Suppose 3*d - k = -m, 0 = -2*d + 2*m + 29 + 29. What are the prime factors of d?
2, 3, 5
Let h(p) = -26*p**2 - 9. Let o(y) = 27*y**2 + 10. Let q(w) = -6*h(w) - 5*o(w). List the prime factors of q(-2).
2, 11
Suppose -15*m = k - 17*m - 3827, 0 = -3*m + 9. What are the prime factors of k?
3833
Suppose -85 = 5*p - 10. Let n = -27 - p. Let x = n - -19. List the prime factors of x.
7
Suppose 13*y - 9*y = -344. Let a = 199 + y. List the prime factors of a.
113
Let j(r) = 5*r**3 - 12*r**2 + 20*r + 11. List the prime factors of j(6).
19, 41
Let a = 407 - 260. Suppose 6*n - 45 = a. List the prime factors of n.
2
Suppose o + 0*o + 509 = 3*x, -2*x + 4*o = -356. What are the prime factors of x?
2, 3, 7
Suppose 9*p = 5394 - 1227. List the prime factors of p.
463
Suppose 1 = 2*w + k - 6, 0 = -w + 3*k. Suppose 11*v - 7*v + 773 = 5*q, -3*q + w*v = -462. What are the prime factors of q?
157
Suppose -5*o + 2*w - 53 = 0, -2*o = -7*w + 2*w + 17. Let g = 11 + o. Let k = g + 3. List the prime factors of k.
3
Suppose -p - 188 = -5*p - 4*q, 2*p = 3*q + 79. Suppose -10*a = -12*a + p. What are the prime factors of a?
2, 11
Let q(f) = -5*f + 387. What are the prime factors of q(-17)?
2, 59
Let b(t) = -18*t. Let u be b(2). Let g = u + 54. Suppose -4*i = 5*m - 69, 3*i - 3*m - g = -0*i. List the prime factors of i.
11
Suppose 25 = -5*b, -9*s + 5*b - 29 = -10*s. Let q = 15 + -49. Let z = q + s. List the prime factors of z.
2, 5
Suppose y = 2*r + 8 - 43, -3*r - 3*y + 66 = 0. Let x = -15 + r. Suppose -x*z = -6*z + 48. What are the prime factors of z?
2, 3
Suppose u = 5*y - 4 - 7, -5*u + 4*y = -8. Suppose -3*p - 48 = -6*p - 5*w, -2*p + 37 = 5*w. Suppose 5*a = -15, 5*g - p = -u*a + 12. List the prime factors of g.
7
Let g = 61 - 59. List the prime factors of 11/g - (9/(-6) + 2).
5
Let v = 3746 - 1397. List the prime factors of v.
3, 29
Suppose 4*a = n - 0*a - 938, -a + 1 = 0. What are the prime factors of n?
2, 3, 157
Suppose -69*r + 156283 = -53477. List the prime factors of r.
2, 5, 19
List the prime factors of 1503 + -4 + -9 - 4.
2, 743
Suppose 0 = 5*a - 4851 - 794. List the prime factors of a.
1129
Suppose -18*z + 10*z = -6584. List the prime factors of z.
823
Suppose -4*a - z = -808, 4*a - 6*a + 414 = -2*z. Suppose -n + 2*r - a = -2*n, -10 = 2*r. List the prime factors of n.
3, 71
Let s be ((-6)/(-9))/(2/12). Let c(k) = k**3 - 5*k**2 + 6*k - 4. What are the prime factors of c(s)?
2
Suppose -5*f - 5*j = -8475, 6756 = 4*f - 2*j - 0*j. What are the prime factors of f?
19, 89
Let f(h) = 11*h - 3. Let r be f(0). Let l(m) = -m**2 + 1. Let i(c) = 2*c**3 - 2*c**2 - c + 2. Let p(y) = -i(y) + 4*l(y). What are the prime factors of p(r)?
5, 7
Let z be ((-34)/4 - -3)*-2. Let p(n) = n**2 - 5*n - 1. List the prime factors of p(z).
5, 13
Suppose -i = 5*h + 4 - 69, 2*i - 130 = 5*h. Let o = -61 - -99. Let c = i - o. List the prime factors of c.
3
Suppose 0 = -k + 2 + 8. Let r = k + 81. Suppose 2*g = -2*t - g + r, -3*t = -2*g - 156. List the prime factors of t.
2, 5
Let g be ((-5830)/6)/(7/(-21)). Suppose -10*b - g = -15*b. Suppose -213 = 5*k - b. What are the prime factors of k?
2, 37
Suppose -2*v = -5*z - 2087, -2*v - 1016 = -3*v - 3*z. List the prime factors of v.
1031
Suppose 5*v = 5*u - 11055, -6*u + 7*u - 2*v - 2206 = 0. What are the prime factors of u?
2, 277
Let b = -148 - -307. Let l = 1 + b. List the prime factors of l.
2, 5
Suppose 502 = 6*a - 4*a. Let c = -170 + a. What are the prime factors of c?
3
Suppose -40 = -2